0 (base 10) to base 7
1023
What is -10000211 (base 3) in base 7?
-6304
Convert 3030 (base 6) to base 5.
10131
Convert 4db1 (base 16) to base 10.
19889
Convert -73318 (base 9) to base 4.
-23303312
552 (base 8) to base 3
111102
What is -1451 (base 8) in base 16?
-329
Convert 684 (base 10) to base 4.
22230
-100000100101 (base 2) to base 16
-825
Convert 57854 (base 9) to base 14.
100d7
Convert 300 (base 4) to base 12.
40
Convert 101337 (base 8) to base 6.
415035
-30311 (base 6) to base 3
-12111021
Convert -6390 (base 12) to base 3.
-112222000
What is -1c1 (base 16) in base 2?
-111000001
Convert -4201 (base 8) to base 15.
-9a2
Convert -2261 (base 9) to base 4.
-122023
4120 (base 6) to base 12
640
33213 (base 6) to base 4
1020021
-1c6 (base 15) to base 3
-120020
-10100111 (base 2) to base 4
-2213
Convert -b599 (base 13) to base 6.
-312214
What is 100100 (base 4) in base 14?
544
What is 4dd3 (base 14) in base 2?
11010110001101
Convert 1aa1 (base 12) to base 16.
cd9
What is 3785 (base 12) in base 3?
22122002
What is -d1 (base 15) in base 4?
-3010
a20 (base 11) to base 3
1200122
-407 (base 9) to base 3
-110021
-1111212102 (base 3) to base 12
-152a8
354040 (base 6) to base 16
77e8
Convert 524 (base 7) to base 11.
21a
-1302232 (base 4) to base 10
-7342
-255 (base 8) to base 15
-b8
What is 11556 (base 7) in base 6?
22010
What is 4ec (base 16) in base 4?
103230
Convert -13232100 (base 4) to base 6.
-402240
What is 1012 (base 7) in base 14?
1b2
33065 (base 7) to base 9
12318
Convert -15357 (base 9) to base 2.
-10100100000101
-2335 (base 6) to base 12
-3ab
What is ad (base 15) in base 12?
117
Convert 425 (base 9) to base 8.
533
2157 (base 8) to base 4
101233
What is -1101010 (base 2) in base 6?
-254
What is 267 (base 10) in base 5?
2032
-1110011010110 (base 2) to base 10
-7382
What is 189 (base 16) in base 3?
112120
11312 (base 9) to base 11
5739
What is 768 (base 12) in base 7?
3113
b050 (base 12) to base 9
28136
What is 96 (base 15) in base 3?
12020
What is -13131 (base 4) in base 9?
-580
What is -a11 (base 16) in base 14?
-d21
-11101010110011 (base 2) to base 11
-10321
What is -100452 (base 6) in base 11?
-5a7a
12762 (base 8) to base 10
5618
Convert -11a (base 11) to base 8.
-216
Convert -1020 (base 3) to base 2.
-100001
What is -1695 (base 13) in base 10?
-3333
Convert -5aa (base 12) to base 9.
-1144
521511 (base 6) to base 13
160a2
What is 45426 (base 7) in base 15?
3640
-1030 (base 7) to base 15
-194
Convert 111111 (base 8) to base 7.
214116
Convert 14250 (base 6) to base 2.
100011010110
What is -455 (base 9) in base 3?
-111212
Convert -308 (base 15) to base 13.
-407
What is -234044 (base 6) in base 9?
-30801
Convert -10540 (base 8) to base 14.
-189a
Convert -13110130 (base 4) to base 5.
-1424410
Convert 149 (base 12) to base 5.
1301
Convert 1218 (base 13) to base 10.
2556
Convert 30332 (base 4) to base 3.
1010202
What is 16223 (base 7) in base 5?
121244
Convert -4130 (base 11) to base 7.
-21654
Convert -3124 (base 10) to base 2.
-110000110100
-119b (base 15) to base 14
-1518
What is 11 (base 3) in base 15?
4
Convert -33342 (base 5) to base 10.
-2347
What is b8f (base 16) in base 2?
101110001111
What is 11203 (base 6) in base 13?
951
Convert 364 (base 16) to base 3.
1012011
Convert 53226 (base 7) to base 4.
3031200
Convert 4962 (base 12) to base 15.
26c2
Convert -531020 (base 6) to base 2.
-1010011111110100
119 (base 13) to base 4
2333
-9c2 (base 14) to base 12
-1152
What is 1060 (base 7) in base 13?
238
3750 (base 8) to base 2
11111101000
Convert -4032 (base 5) to base 15.
-247
What is -20031223 (base 4) in base 8?
-101553
Convert -35173 (base 8) to base 11.
-10280
Convert -105244 (base 6) to base 4.
-2023330
Convert 1425 (base 7) to base 9.
680
What is 1111 (base 2) in base 3?
120
What is 1462 (base 8) in base 10?
818
ca8 (base 14) to base 16
9c4
10021033 (base 4) to base 8
41117
Convert 503 (base 6) to base 11.
157
Convert 47540 (base 9) to base 14.
b828
525 (base 10) to base 9
643
8683 (base 9) to base 14
2489
What is 9b2 (base 16) in base 8?
4662
What is 11001001110 (base 2) in base 3?
2012210
What is 2964 (base 12) in base 3?
20121211
What is -11121001110 (base 3) in base 6?
-1534403
-114114 (base 5) to base 8
-10274
What is -33015 (base 6) in base 8?
-10703
20102022 (base 3) to base 8
11107
Convert -1ba4 (base 14) to base 10.
-5044
-11012 (base 3) to base 4
-1301
What is -8 (base 11) in base 12?
-8
Convert -2042 (base 5) to base 3.
-101002
What is -1cb (base 15) in base 8?
-640
6223 (base 8) to base 10
3219
-1012012 (base 3) to base 10
-869
What is -403 (base 6) in base 14?
-a7
-1340 (base 10) to base 5
-20330
Convert 2803 (base 14) to base 15.
2159
What is -16 (base 15) in base 14?
-17
187a3 (base 12) to base 11
248a7
What is ac (base 16) in base 11?
147
Convert 1303322 (base 5) to base 11.
18148
Convert -358 (base 13) to base 11.
-488
-20b (base 15) to base 4
-13031
233521 (base 6) to base 13
9301
352003 (base 7) to base 2
1111011010001011
-46323 (base 10) to base 2
-1011010011110011
2112200012 (base 3) to base 9
75605
Convert -1158 (base 10) to base 2.
-10010000110
What is 21527 (base 9) in base 15?
4371
-1db (base 16) to base 4
-13123
ddd (base 15) to base 7
12064
Convert -533 (base 12) to base 10.
-759
What is a77 (base 13) in base 10?
1788
Convert -11451 (base 7) to base 6.
-21440
What is -41b (base 16) in base 10?
-1051
Convert 36211 (base 7) to base 3.
110211221
-1b7 (base 15) to base 10
-397
What is 1e66 (base 16) in base 7?
31455
What is 6404 (base 9) in base 7?
16465
Convert -88c (base 15) to base 9.
-2576
What is -6d (base 14) in base 11?
-89
2014 (base 11) to base 16
a75
What is 2551 (base 6) in base 14?
33d
Convert -364 (base 12) to base 6.
-2204
What is -187e (base 15) in base 2?
-1010010101110
-24624 (base 8) to base 14
-3c44
-a918 (base 13) to base 15
-6e77
Convert 2200001 (base 4) to base 5.
311431
Convert -169e (base 15) to base 10.
-4874
What is -76d (base 15) in base 4?
-122032
What is -24a (base 14) in base 2?
-111001010
Convert -a65 (base 13) to base 8.
-3355
What is 36d (base 16) in base 10?
877
Convert 2202 (base 16) to base 10.
8706
-4331 (base 6) to base 9
-1321
-6245 (base 16) to base 12
-12685
Convert 25464 (base 13) to base 5.
4200430
Convert 9145 (base 14) to base 3.
1021020012
e4 (base 15) to base 4
3112
What is -245623 (base 7) in base 16?
-b0bc
Convert -c687 (base 13) to base 3.
-1101201010
1d2 (base 14) to base 15
1a5
Convert -1111 (base 3) to base 16.
-28
What is 31401 (base 5) in base 16?
835
Convert 1001000110001011 (base 2) to base 12.
1968b
1111212 (base 3) to base 6
5035
Convert 2132 (base 4) to base 8.
236
What is -1a4 (base 15) in base 3?
-112001
What is -1530 (base 8) in base 10?
-856
ee8 (base 15) to base 3
11121202
Convert 464 (base 11) to base 7.
1421
What is 2310244 (base 5) in base 3?
2002200112
Convert -4820 (base 9) to base 10.
-3582
Convert -102010 (base 4) to base 12.
-804
Convert -111101001 (base 2) to base 12.
-349
Convert 10774 (base 13) to base 4.
13102033
Convert 102013 (base 4) to base 14.
5cb
-20023 (base 4) to base 13
-313
Convert 4653 (base 8) to base 4.
212223
What is -110110011 (base 2) in base 10?
-435
What is -c2 (base 14) in base 9?
-208
What is 21131133 (base 4) in base 15?
b736
What is -2536 (base 13) in base 8?
-12244
Convert -101001 (base 3) to base 7.
-535
Convert 217 (base 14) to base 16.
19d
Convert -10000100110 (base 2) to base 4.
-100212
What is -33314 (base 5) in base 9?
-3173
Convert 9604 (base 10) to base 14.
3700
Convert -2101000 (base 3) to base 11.
-1331
Convert 344114 (base 6) to base 12.
1503a
What is -1001000001100 (base 2) in base 14?
-1980
-135 (base 14) to base 4
-3303
Convert 2678 (base 11) to base 7.
13061
Convert 111010100 (base 2) to base 16.
1d4
What is -6466 (base 7) in base 10?
-2302
Convert 11211201 (base 4) to base 12.
112a9
What is 300232 (base 4) in base 12?
197a
What is 42135 (base 8) in base 12?
a165
Convert -120223 (base 6) to base 12.
-6073
1964 (base 11) to base 4
212322
What is -233a9 (base 11) in base 10?
-33757
1056 (base 13) to base 8
4334
What is 32425 (base 6) in base 15?
14db
What is 132202 (base 5) in base 6?
40314
What is 21010102 (base 3) in base 8?
12113
What is -2c5d (base 14) in base 9?
-11773
What is 1634 (base 11) in base 8